{"id":2031,"date":"2020-10-23T20:22:57","date_gmt":"2020-10-23T18:22:57","guid":{"rendered":"https:\/\/mitbestimmung-citybahn.de\/mitbestimmung\/?page_id=2031"},"modified":"2020-10-25T11:54:02","modified_gmt":"2020-10-25T10:54:02","slug":"buergerentscheid-o-mat-schritt-2","status":"publish","type":"page","link":"https:\/\/mitbestimmung-citybahn.de\/mitbestimmung\/?page_id=2031","title":{"rendered":"B\u00fcrgerentscheid-O-Mat \u00ae \u2013 Schritt 2"},"content":{"rendered":"<h5>B\u00fcrgerentscheid-O-Mat \u00ae &#8211; Frage 2<\/h5>\n<p>&nbsp;<\/p>\n<blockquote><p>H\u00e4tten die angestrebte Verkehrswende und die Einrichtung eines starren schienengebundenen Massentransportmittels im \u00d6PNV (Citybahn), betrachtet auf einen Zeitraum von mindestens 30 Jahren, den behaupteten Nutzen f\u00fcr den Verkehr und die Umwelt bzw. Luftqualit\u00e4t, wenn man bedenkt, dass solche 35 m langen und ca. 30 Tonnen schweren Schienenfahrzeuge au\u00dferhalb der Sto\u00dfzeiten fast leer durch die Gegend fahren, wegen der notwendigen Infrastruktur nur einige wenige Strecken, niemals aber die ganze Fl\u00e4che eines Siedlungsgebiets anbinden und somit rein technisch niemals das Verkehrsgeschehen in seiner Gesamtheit entlasten k\u00f6nnten, flexiblere emissionsfreie Bussysteme in unterschiedlichen Gr\u00f6\u00dfen ohnehin angeschafft werden und auch k\u00fcnftig in jedem Falle f\u00fcr die Versorgung der Fl\u00e4che notwendig bleiben, die Einwohnerzahl w\u00e4hrend dieser 30 Jahre nicht nur stagniert, sondern zur\u00fcckgeht und wenn man weiter ber\u00fccksichtigt, dass speziell die Attraktivit\u00e4t von Innenst\u00e4dten f\u00fcr Arbeit und Handel u.a. wegen Homeoffice und Online-Gesch\u00e4ften (\u201eLadensterben\u201c) eben nicht mehr zunehmen, sondern im Gegenteil abnehmen wird?<\/p><\/blockquote>\n<p>&nbsp;<\/p>\n<table>\n<tbody>\n<tr>\n<td style=\"text-align: center;\" width=\"106\"><a href=\"https:\/\/mitbestimmung-citybahn.de\/mitbestimmung\/?page_id=2033\"><strong>Ja<\/strong><\/a><\/td>\n<\/tr>\n<\/tbody>\n<\/table>\n<p>&nbsp;<\/p>\n<table>\n<tbody>\n<tr>\n<td style=\"text-align: center;\" width=\"106\"><a href=\"https:\/\/mitbestimmung-citybahn.de\/mitbestimmung\/?page_id=2037\"><strong>Nein<\/strong><\/a><\/td>\n<\/tr>\n<\/tbody>\n<\/table>\n<p>&nbsp;<\/p>\n<table>\n<tbody>\n<tr>\n<td width=\"106\">\n<p style=\"text-align: center;\"><strong><a href=\"https:\/\/mitbestimmung-citybahn.de\/mitbestimmung\/?page_id=2041\">unentschlossen\/n\u00e4chste Frage<\/a><\/strong><\/p>\n<\/td>\n<\/tr>\n<\/tbody>\n<\/table>\n","protected":false},"excerpt":{"rendered":"<p>B\u00fcrgerentscheid-O-Mat \u00ae &#8211; Frage 2 &nbsp; H\u00e4tten die angestrebte Verkehrswende und die Einrichtung eines starren schienengebundenen Massentransportmittels im \u00d6PNV (Citybahn), betrachtet auf einen Zeitraum von mindestens 30 Jahren, den behaupteten Nutzen f\u00fcr den Verkehr und die Umwelt bzw. Luftqualit\u00e4t, wenn man bedenkt, dass solche 35 m langen und ca. 30&hellip; <\/p>\n","protected":false},"author":8,"featured_media":0,"parent":0,"menu_order":0,"comment_status":"closed","ping_status":"closed","template":"","meta":{"footnotes":""},"class_list":["post-2031","page","type-page","status-publish","hentry"],"_links":{"self":[{"href":"https:\/\/mitbestimmung-citybahn.de\/mitbestimmung\/index.php?rest_route=\/wp\/v2\/pages\/2031","targetHints":{"allow":["GET"]}}],"collection":[{"href":"https:\/\/mitbestimmung-citybahn.de\/mitbestimmung\/index.php?rest_route=\/wp\/v2\/pages"}],"about":[{"href":"https:\/\/mitbestimmung-citybahn.de\/mitbestimmung\/index.php?rest_route=\/wp\/v2\/types\/page"}],"author":[{"embeddable":true,"href":"https:\/\/mitbestimmung-citybahn.de\/mitbestimmung\/index.php?rest_route=\/wp\/v2\/users\/8"}],"replies":[{"embeddable":true,"href":"https:\/\/mitbestimmung-citybahn.de\/mitbestimmung\/index.php?rest_route=%2Fwp%2Fv2%2Fcomments&post=2031"}],"version-history":[{"count":9,"href":"https:\/\/mitbestimmung-citybahn.de\/mitbestimmung\/index.php?rest_route=\/wp\/v2\/pages\/2031\/revisions"}],"predecessor-version":[{"id":2143,"href":"https:\/\/mitbestimmung-citybahn.de\/mitbestimmung\/index.php?rest_route=\/wp\/v2\/pages\/2031\/revisions\/2143"}],"wp:attachment":[{"href":"https:\/\/mitbestimmung-citybahn.de\/mitbestimmung\/index.php?rest_route=%2Fwp%2Fv2%2Fmedia&parent=2031"}],"curies":[{"name":"wp","href":"https:\/\/api.w.org\/{rel}","templated":true}]}}

Bürgerentscheid-O-Mat ® – Schritt 2

<h5>Bürgerentscheid-O-Mat ® &#8211; Frage 2</h5>
<p>&nbsp;</p>
<blockquote><p>Hätten die angestrebte Verkehrswende und die Einrichtung eines starren schienengebundenen Massentransportmittels im ÖPNV (Citybahn), betrachtet auf einen Zeitraum von mindestens 30 Jahren, den behaupteten Nutzen für den Verkehr und die Umwelt bzw. Luftqualität, wenn man bedenkt, dass solche 35 m langen und ca. 30 Tonnen schweren Schienenfahrzeuge außerhalb der Stoßzeiten fast leer durch die Gegend fahren, wegen der notwendigen Infrastruktur nur einige wenige Strecken, niemals aber die ganze Fläche eines Siedlungsgebiets anbinden und somit rein technisch niemals das Verkehrsgeschehen in seiner Gesamtheit entlasten könnten, flexiblere emissionsfreie Bussysteme in unterschiedlichen Größen ohnehin angeschafft werden und auch künftig in jedem Falle für die Versorgung der Fläche notwendig bleiben, die Einwohnerzahl während dieser 30 Jahre nicht nur stagniert, sondern zurückgeht und wenn man weiter berücksichtigt, dass speziell die Attraktivität von Innenstädten für Arbeit und Handel u.a. wegen Homeoffice und Online-Geschäften („Ladensterben“) eben nicht mehr zunehmen, sondern im Gegenteil abnehmen wird?</p></blockquote>
<p>&nbsp;</p>
<table>
<tbody>
<tr>
<td style="text-align: center;" width="106"><a href="https://mitbestimmung-citybahn.de/mitbestimmung/?page_id=2033"><strong>Ja</strong></a></td>
</tr>
</tbody>
</table>
<p>&nbsp;</p>
<table>
<tbody>
<tr>
<td style="text-align: center;" width="106"><a href="https://mitbestimmung-citybahn.de/mitbestimmung/?page_id=2037"><strong>Nein</strong></a></td>
</tr>
</tbody>
</table>
<p>&nbsp;</p>
<table>
<tbody>
<tr>
<td width="106">
<p style="text-align: center;"><strong><a href="https://mitbestimmung-citybahn.de/mitbestimmung/?page_id=2041">unentschlossen/nächste Frage</a></strong></p>
</td>
</tr>
</tbody>
</table>

<p>Bürgerentscheid-O-Mat ® &#8211; Frage 2 &nbsp; Hätten die angestrebte Verkehrswende und die Einrichtung eines starren schienengebundenen Massentransportmittels im ÖPNV (Citybahn), betrachtet auf einen Zeitraum von mindestens 30 Jahren, den behaupteten Nutzen für den Verkehr und die Umwelt bzw. Luftqualität, wenn man bedenkt, dass solche 35 m langen und ca. 30&hellip; </p>
