{"id":2033,"date":"2020-10-23T20:30:53","date_gmt":"2020-10-23T18:30:53","guid":{"rendered":"https:\/\/mitbestimmung-citybahn.de\/mitbestimmung\/?page_id=2033"},"modified":"2020-10-24T14:03:01","modified_gmt":"2020-10-24T12:03:01","slug":"buergerentscheid-o-mat-auswertung-frage-2-ja","status":"publish","type":"page","link":"https:\/\/mitbestimmung-citybahn.de\/mitbestimmung\/?page_id=2033","title":{"rendered":"B\u00fcrgerentscheid-O-Mat \u00ae \u2013 Auswertung Frage 2 Ja"},"content":{"rendered":"<p>Auch bis hierhin sind Sie von den Argumenten der Bef\u00fcrworter einer Verkehrswende und der Einrichtung eines neuen schienengebundenen Massentransportmittels im \u00d6PNV (Citybahn) offenbar immer noch \u00fcberzeugt. Sie sind in gutem Glauben, dass eine Stra\u00dfenbahn (Citybahn) in Wiesbaden all das h\u00e4lt, was die Bef\u00fcrworter versprechen und trotz der eingeschr\u00e4nkten technischen M\u00f6glichkeiten eines Schienenfahrzeugs dennoch die Mobilit\u00e4t und die Umweltsituation in Wiesbaden insgesamt entscheidend verbessern w\u00fcrde.<\/p>\n<p>Leider ist der B\u00fcrgerentscheid-O-Mat \u00ae damit f\u00fcr Sie noch nicht abgeschlossen. Bitte gehen Sie zum n\u00e4chsten Schritt.<\/p>\n<p>Oder sicherheitshalber nochmal zur\u00fcck zur vorherigen Frage?<\/p>\n<p>&nbsp;<\/p>\n<table>\n<tbody>\n<tr>\n<td style=\"text-align: center;\" width=\"125\"><a href=\"https:\/\/mitbestimmung-citybahn.de\/mitbestimmung\/?page_id=2031\"><strong>zur\u00fcck zur vorherigen Frage<\/strong><\/a><\/td>\n<\/tr>\n<\/tbody>\n<\/table>\n<p>&nbsp;<\/p>\n<table>\n<tbody>\n<tr>\n<td style=\"text-align: center;\" width=\"125\"><a href=\"https:\/\/mitbestimmung-citybahn.de\/mitbestimmung\/?page_id=2041\"><strong>n\u00e4chste Frage<\/strong><\/a><\/td>\n<\/tr>\n<\/tbody>\n<\/table>\n<p>&nbsp;<\/p>\n<p>&nbsp;<\/p>\n","protected":false},"excerpt":{"rendered":"<p>Auch bis hierhin sind Sie von den Argumenten der Bef\u00fcrworter einer Verkehrswende und der Einrichtung eines neuen schienengebundenen Massentransportmittels im \u00d6PNV (Citybahn) offenbar immer noch \u00fcberzeugt. Sie sind in gutem Glauben, dass eine Stra\u00dfenbahn (Citybahn) in Wiesbaden all das h\u00e4lt, was die Bef\u00fcrworter versprechen und trotz der eingeschr\u00e4nkten technischen M\u00f6glichkeiten&hellip; <\/p>\n","protected":false},"author":8,"featured_media":0,"parent":0,"menu_order":0,"comment_status":"closed","ping_status":"closed","template":"","meta":{"footnotes":""},"class_list":["post-2033","page","type-page","status-publish","hentry"],"_links":{"self":[{"href":"https:\/\/mitbestimmung-citybahn.de\/mitbestimmung\/index.php?rest_route=\/wp\/v2\/pages\/2033","targetHints":{"allow":["GET"]}}],"collection":[{"href":"https:\/\/mitbestimmung-citybahn.de\/mitbestimmung\/index.php?rest_route=\/wp\/v2\/pages"}],"about":[{"href":"https:\/\/mitbestimmung-citybahn.de\/mitbestimmung\/index.php?rest_route=\/wp\/v2\/types\/page"}],"author":[{"embeddable":true,"href":"https:\/\/mitbestimmung-citybahn.de\/mitbestimmung\/index.php?rest_route=\/wp\/v2\/users\/8"}],"replies":[{"embeddable":true,"href":"https:\/\/mitbestimmung-citybahn.de\/mitbestimmung\/index.php?rest_route=%2Fwp%2Fv2%2Fcomments&post=2033"}],"version-history":[{"count":6,"href":"https:\/\/mitbestimmung-citybahn.de\/mitbestimmung\/index.php?rest_route=\/wp\/v2\/pages\/2033\/revisions"}],"predecessor-version":[{"id":2104,"href":"https:\/\/mitbestimmung-citybahn.de\/mitbestimmung\/index.php?rest_route=\/wp\/v2\/pages\/2033\/revisions\/2104"}],"wp:attachment":[{"href":"https:\/\/mitbestimmung-citybahn.de\/mitbestimmung\/index.php?rest_route=%2Fwp%2Fv2%2Fmedia&parent=2033"}],"curies":[{"name":"wp","href":"https:\/\/api.w.org\/{rel}","templated":true}]}}