{"id":5,"date":"2018-11-02T21:25:23","date_gmt":"2018-11-02T20:25:23","guid":{"rendered":"http:\/\/mitbestimmung-citybahn.de\/mitbestimmung\/?page_id=5"},"modified":"2022-10-26T00:28:04","modified_gmt":"2022-10-25T22:28:04","slug":"start","status":"publish","type":"page","link":"https:\/\/mitbestimmung-citybahn.de\/mitbestimmung\/","title":{"rendered":"Start"},"content":{"rendered":"<h4><\/h4>\n<h4 style=\"text-align: left;\">Zwei Jahre ist es bereits her, da\u00df die B\u00fcrgerinnen und B\u00fcrger der Stadt Wiesbaden beim B\u00fcrgerentscheid am 01.11.2020 der Vernunft zum Sieg verholfen haben.<\/h4>\n<p>Nun, zwei Jahre Jahre sp\u00e4ter, wird es Zeit erneut nachzufragen, was seither geschehen ist und wie die damals vom Verkehrsdezernat gro\u00df angek\u00fcndigten Projekte vorankommen. Nur ein paar Fragen, die sich interessierte B\u00fcrger stellen sollten:<\/p>\n<ul>\n<li>Wie ist der Status bei der Reaktivierung der Aartalbahn und der bereits im Sommer\u00b421 angek\u00fcndigten Studie?<\/li>\n<li>Die Schnellbusinie 928 nach Mainz-Kastel f\u00e4hrt &#8211; wie sieht es mit den weiteren Schnellbuslinien aus?<\/li>\n<\/ul>\n<p>&nbsp;<\/p>\n<p>Ineressierte k\u00f6nnen hier unsere damalige\u00a0 <strong><a href=\"https:\/\/mitbestimmung-citybahn.de\/mitbestimmung\/wp-content\/uploads\/2020\/11\/2020-11-01-Presseerklaerung-Ergebnis-Buergerentscheid.pdf\" target=\"_blank\" rel=\"noopener noreferrer\">Presseerkl\u00e4rung <\/a><\/strong>zum B\u00fcrgerentscheid nachlesen.<\/p>\n<hr \/>\n<p><img loading=\"lazy\" decoding=\"async\" class=\"aligncenter wp-image-2253 size-large\" src=\"https:\/\/mitbestimmung-citybahn.de\/mitbestimmung\/wp-content\/uploads\/2020\/11\/2020-11-01-LH-Wiesbaden-Buergerentscheid-Gesamtergebnis-1024x683.jpg\" alt=\"\" width=\"700\" height=\"467\" srcset=\"https:\/\/mitbestimmung-citybahn.de\/mitbestimmung\/wp-content\/uploads\/2020\/11\/2020-11-01-LH-Wiesbaden-Buergerentscheid-Gesamtergebnis-1024x683.jpg 1024w, https:\/\/mitbestimmung-citybahn.de\/mitbestimmung\/wp-content\/uploads\/2020\/11\/2020-11-01-LH-Wiesbaden-Buergerentscheid-Gesamtergebnis-300x200.jpg 300w, https:\/\/mitbestimmung-citybahn.de\/mitbestimmung\/wp-content\/uploads\/2020\/11\/2020-11-01-LH-Wiesbaden-Buergerentscheid-Gesamtergebnis-768x512.jpg 768w, https:\/\/mitbestimmung-citybahn.de\/mitbestimmung\/wp-content\/uploads\/2020\/11\/2020-11-01-LH-Wiesbaden-Buergerentscheid-Gesamtergebnis.jpg 1200w\" sizes=\"auto, (max-width: 700px) 100vw, 700px\" \/><\/p>\n<p><img loading=\"lazy\" decoding=\"async\" class=\"aligncenter size-full wp-image-2254\" src=\"https:\/\/mitbestimmung-citybahn.de\/mitbestimmung\/wp-content\/uploads\/2020\/11\/2020-11-01-Ergebnis-Buergerentscheid-Grafik-2.jpg\" alt=\"\" width=\"470\" height=\"280\" srcset=\"https:\/\/mitbestimmung-citybahn.de\/mitbestimmung\/wp-content\/uploads\/2020\/11\/2020-11-01-Ergebnis-Buergerentscheid-Grafik-2.jpg 470w, https:\/\/mitbestimmung-citybahn.de\/mitbestimmung\/wp-content\/uploads\/2020\/11\/2020-11-01-Ergebnis-Buergerentscheid-Grafik-2-300x179.jpg 300w\" sizes=\"auto, (max-width: 470px) 100vw, 470px\" \/><\/p>\n<p>Hier geht es zu dem <a href=\"https:\/\/mitbestimmung-citybahn.de\/mitbestimmung\/?page_id=2257\"><strong>Ergebnis des B\u00fcrgerentscheids nach Ortsbezirken<\/strong><\/a><\/p>\n<hr \/>\n<p>Das war unsere Last-Minute-Entscheidungshilfe: <a href=\"https:\/\/mitbestimmung-citybahn.de\/mitbestimmung\/?page_id=2012\"><strong>B\u00fcrgerentscheid-O-Mat \u00ae<\/strong><\/a><\/p>\n<p>&nbsp;<\/p>\n<p><img loading=\"lazy\" decoding=\"async\" class=\" wp-image-1090 aligncenter\" src=\"http:\/\/mitbestimmung-citybahn.de\/mitbestimmung\/wp-content\/uploads\/2019\/01\/fullsizeoutput_1266-300x133.jpeg\" alt=\"\" width=\"300\" height=\"133\" srcset=\"https:\/\/mitbestimmung-citybahn.de\/mitbestimmung\/wp-content\/uploads\/2019\/01\/fullsizeoutput_1266-300x133.jpeg 300w, https:\/\/mitbestimmung-citybahn.de\/mitbestimmung\/wp-content\/uploads\/2019\/01\/fullsizeoutput_1266-768x340.jpeg 768w, https:\/\/mitbestimmung-citybahn.de\/mitbestimmung\/wp-content\/uploads\/2019\/01\/fullsizeoutput_1266-670x300.jpeg 670w, https:\/\/mitbestimmung-citybahn.de\/mitbestimmung\/wp-content\/uploads\/2019\/01\/fullsizeoutput_1266.jpeg 1011w\" sizes=\"auto, (max-width: 300px) 100vw, 300px\" \/><\/p>\n","protected":false},"excerpt":{"rendered":"<p>Zwei Jahre ist es bereits her, da\u00df die B\u00fcrgerinnen und B\u00fcrger der Stadt Wiesbaden beim B\u00fcrgerentscheid am 01.11.2020 der Vernunft zum Sieg verholfen haben. Nun, zwei Jahre Jahre sp\u00e4ter, wird es Zeit erneut nachzufragen, was seither geschehen ist und wie die damals vom Verkehrsdezernat gro\u00df angek\u00fcndigten Projekte vorankommen. Nur ein&hellip; <\/p>\n","protected":false},"author":6,"featured_media":0,"parent":0,"menu_order":1,"comment_status":"closed","ping_status":"closed","template":"","meta":{"footnotes":""},"class_list":["post-5","page","type-page","status-publish","hentry"],"_links":{"self":[{"href":"https:\/\/mitbestimmung-citybahn.de\/mitbestimmung\/index.php?rest_route=\/wp\/v2\/pages\/5","targetHints":{"allow":["GET"]}}],"collection":[{"href":"https:\/\/mitbestimmung-citybahn.de\/mitbestimmung\/index.php?rest_route=\/wp\/v2\/pages"}],"about":[{"href":"https:\/\/mitbestimmung-citybahn.de\/mitbestimmung\/index.php?rest_route=\/wp\/v2\/types\/page"}],"author":[{"embeddable":true,"href":"https:\/\/mitbestimmung-citybahn.de\/mitbestimmung\/index.php?rest_route=\/wp\/v2\/users\/6"}],"replies":[{"embeddable":true,"href":"https:\/\/mitbestimmung-citybahn.de\/mitbestimmung\/index.php?rest_route=%2Fwp%2Fv2%2Fcomments&post=5"}],"version-history":[{"count":294,"href":"https:\/\/mitbestimmung-citybahn.de\/mitbestimmung\/index.php?rest_route=\/wp\/v2\/pages\/5\/revisions"}],"predecessor-version":[{"id":2321,"href":"https:\/\/mitbestimmung-citybahn.de\/mitbestimmung\/index.php?rest_route=\/wp\/v2\/pages\/5\/revisions\/2321"}],"wp:attachment":[{"href":"https:\/\/mitbestimmung-citybahn.de\/mitbestimmung\/index.php?rest_route=%2Fwp%2Fv2%2Fmedia&parent=5"}],"curies":[{"name":"wp","href":"https:\/\/api.w.org\/{rel}","templated":true}]}}