{"id":76,"date":"2018-11-03T15:00:02","date_gmt":"2018-11-03T15:00:02","guid":{"rendered":"http:\/\/mitbestimmung-citybahn.de\/mitbestimmung\/?page_id=76"},"modified":"2018-12-21T13:38:55","modified_gmt":"2018-12-21T12:38:55","slug":"impressum-und-datenschutz","status":"publish","type":"page","link":"https:\/\/mitbestimmung-citybahn.de\/mitbestimmung\/?page_id=76","title":{"rendered":"Impressum"},"content":{"rendered":"<p>&nbsp;<\/p>\n<h5><strong>Impressum<\/strong><\/h5>\n<p>Die B\u00fcrgerinitiative \u201eMitbestimmung Citybahn\u201c ist kein Verein, sondern ein blo\u00dfer \u00fcberparteilicher Zusammenschluss von B\u00fcrgerinnen und B\u00fcrgern der Stadt Wiesbaden. Ein\u00a0Beitritt ist kostenfrei und\u00a0ein Austritt\u00a0jederzeit m\u00f6glich.<\/p>\n<p style=\"padding-left: 30px;\">Kontakt unter: info(at)mitbestimmung-citybahn.de<\/p>\n<p>Verantwortlich f\u00fcr den Inhalt\u00a0dieser Seiten sowie im Sinne von \u00a7 5 Telemediengesetz:<\/p>\n<p style=\"padding-left: 30px;\">Dr. Wolfgang Balzer, Dotzheimer Str. 35, 65185 Wiesbaden<\/p>\n<p>Verantwortlich f\u00fcr die Beitr\u00e4ge unter &#8222;Aktuelles&#8220; ist der dort jeweils namentlich genannte Autor.<\/p>\n<p>&nbsp;<\/p>\n<p>&nbsp;<\/p>\n","protected":false},"excerpt":{"rendered":"<p>&nbsp; Impressum Die B\u00fcrgerinitiative \u201eMitbestimmung Citybahn\u201c ist kein Verein, sondern ein blo\u00dfer \u00fcberparteilicher Zusammenschluss von B\u00fcrgerinnen und B\u00fcrgern der Stadt Wiesbaden. Ein\u00a0Beitritt ist kostenfrei und\u00a0ein Austritt\u00a0jederzeit m\u00f6glich. Kontakt unter: info(at)mitbestimmung-citybahn.de Verantwortlich f\u00fcr den Inhalt\u00a0dieser Seiten sowie im Sinne von \u00a7 5 Telemediengesetz: Dr. Wolfgang Balzer, Dotzheimer Str. 35, 65185 Wiesbaden&hellip; <\/p>\n","protected":false},"author":1,"featured_media":0,"parent":0,"menu_order":25,"comment_status":"closed","ping_status":"closed","template":"","meta":{"footnotes":""},"class_list":["post-76","page","type-page","status-publish","hentry"],"_links":{"self":[{"href":"https:\/\/mitbestimmung-citybahn.de\/mitbestimmung\/index.php?rest_route=\/wp\/v2\/pages\/76","targetHints":{"allow":["GET"]}}],"collection":[{"href":"https:\/\/mitbestimmung-citybahn.de\/mitbestimmung\/index.php?rest_route=\/wp\/v2\/pages"}],"about":[{"href":"https:\/\/mitbestimmung-citybahn.de\/mitbestimmung\/index.php?rest_route=\/wp\/v2\/types\/page"}],"author":[{"embeddable":true,"href":"https:\/\/mitbestimmung-citybahn.de\/mitbestimmung\/index.php?rest_route=\/wp\/v2\/users\/1"}],"replies":[{"embeddable":true,"href":"https:\/\/mitbestimmung-citybahn.de\/mitbestimmung\/index.php?rest_route=%2Fwp%2Fv2%2Fcomments&post=76"}],"version-history":[{"count":10,"href":"https:\/\/mitbestimmung-citybahn.de\/mitbestimmung\/index.php?rest_route=\/wp\/v2\/pages\/76\/revisions"}],"predecessor-version":[{"id":1041,"href":"https:\/\/mitbestimmung-citybahn.de\/mitbestimmung\/index.php?rest_route=\/wp\/v2\/pages\/76\/revisions\/1041"}],"wp:attachment":[{"href":"https:\/\/mitbestimmung-citybahn.de\/mitbestimmung\/index.php?rest_route=%2Fwp%2Fv2%2Fmedia&parent=76"}],"curies":[{"name":"wp","href":"https:\/\/api.w.org\/{rel}","templated":true}]}}